What is the value of ((5 - 6) + 1 - 3) + 2?
-1
Evaluate (1 + -8 - -4) + 2.
-1
Calculate 0 + -6 - (-7 + 2).
-1
Calculate (-2 - -4 - -5) + -5.
2
Evaluate 6 - (0 - (-4 - -2) - -2).
2
What is (-2 - -3) + 3 + 0 - 6?
-2
3 + -12 + (8 - -3)
2
What is the value of -4 - (2 - 0 - 3)?
-3
Evaluate (3 - -2) + (21 - 24) - 0.
2
Calculate 2 + -1 - (-3 + 5 + -1).
0
Calculate -4 + -1 + (5 - 5).
-5
Evaluate -5 - (-15 - (0 - 8)).
2
What is the value of -5 - ((-5 - -8) + -21 - -4)?
9
Calculate 7 - (0 + -6 - (-1 - 15)).
-3
Calculate (26 - 21) + (1 - 0).
6
What is -4 - -1 - (4 + -2)?
-5
What is 0 + -2 + -2 - (-5 + 5)?
-4
5 + (-1 - 12) + (16 - 2)
6
5 + -12 - (2 + -8)
-1
What is (4 - 4) + -1 + (-4 - -3)?
-2
0 - 1 - (-2 + 3 + -6)
4
What is the value of -9 + 12 + -8 + 2?
-3
2 + -6 + 6 + -1
1
What is (6 - 0) + -4 - (2 + 2)?
-2
Evaluate (0 - -6) + -9 + 4 + 5.
6
What is the value of (36 - 29) + (-2 - 14)?
-9
What is the value of -8 + -5 + 9 - -4?
0
What is the value of 2 - 4 - (2 + 1)?
-5
What is the value of 0 - (-6 + 3 - -6 - 2)?
-1
Evaluate 9 - 12 - (-2 - -2).
-3
Evaluate 26 - 14 - (8 + 1 + -4).
7
What is the value of (-6 - -1) + (7 - 5)?
-3
1 + -1 + -6 + 7
1
What is (-13 - -6) + (2 - -12)?
7
(-1 - -9) + -11 - (-1 - 1)
-1
8 - (8 - -2) - (0 - 1)
-1
-7 + (15 - -6 - 8)
6
What is the value of 7 + -5 + -6 + 7?
3
-9 + (1 - -4) + 2 + 1
-1
Calculate 1 + 2 + -3 - -2.
2
Calculate (6 - ((6 - 9) + 11)) + 6.
4
Evaluate -3 - (-1 - (4 - 3)).
-1
What is (-12 - -4) + -3 + 7?
-4
Evaluate 0 + (0 - 4) - -3.
-1
8 + 4 + -7 + -4
1
What is the value of -4 + (4 - 0) - 0?
0
Calculate -39 - -29 - (0 + -5).
-5
Calculate (0 - -11) + -11 - -8.
8
What is the value of 6 - (10 + (-4 - 2))?
2
Evaluate -1 - 3 - (3 + -4).
-3
What is -7 + 5 + (0 - 0 - 0)?
-2
What is the value of -1 + (-4 - -9) + 1?
5
What is 15 + (-6 - 2) + 8 + -8?
7
Calculate 8 + (7 - (8 - -3)).
4
Calculate -1 + (4 - 1) + (2 - 1).
3
11 + (-11 - (-3 + 0)) + 6
9
What is 4 + -1 + (2 - (6 - 3))?
2
-61 - -72 - (9 + 0)
2
What is the value of -1 + 4 + -6 + -1 + -1?
-5
(14 - 6) + 1 - 10
-1
What is the value of -2 - (-8 + 4) - 3?
-1
2 + -2 + 6 - -2 - 5
3
Evaluate -8 - (9 + -2 - 26 - -3).
8
What is the value of (-1 - 3) + 4 + -3?
-3
What is 8 + 2 + -6 + 4 + -3?
5
1 + (27 - 28 - (-2 - 0))
2
Calculate (0 - 4) + (-7 + -19 - -30).
0
What is the value of 2 - (5 + -5) - (-2 - -5)?
-1
Evaluate -5 - -1 - (35 + -42).
3
Evaluate 0 + 0 + -1 + 0.
-1
(0 - -1) + 1 + (-8 - -15)
9
What is -7 + 4 - (4 + -2 + 4)?
-9
Evaluate (15 - 17) + (-4 - -1) - -3.
-2
Calculate (6 - 2) + 0 + -1.
3
What is the value of -71 - -75 - (0 - -3)?
1
Evaluate (1 - (-1 + 4) - 1) + 4.
1
-2 - (5 - 6) - 6
-7
Evaluate -64 + 59 + -1 + 1.
-5
-62 + 63 + 5 + 0
6
Calculate 12 + (-23 - -1) + 7.
-3
Calculate 4 + -4 + (-2 - -1) + -1.
-2
What is the value of -8 - (-3 - -10 - (0 - -8))?
-7
1 + -4 + (3 - 0)
0
Calculate 0 + 20 + -10 - 18.
-8
What is (-1 - -2) + 0 - -3?
4
-7 - (2 - 4 - 0)
-5
What is 1 + -1 + -1 + (-1 - -3)?
1
Calculate 121 + -118 + (0 - 0).
3
Calculate -1 + (5 - 2) - (-3 - -10).
-5
-8 + (1 - -3) + (16 - 16)
-4
(-5 + 10 - 1) + -1
3
Evaluate -4 + 4 + 8 - 4.
4
(0 - 0) + 1 + -7 + 7
1
-5 - ((-10 - -14) + -10)
1
What is the value of -7 - (3 + -7 + 2)?
-5
What is (-56 - -53) + (3 - 6)?
-6
-5 + -2 - (-6 + 1)
-2
What is the value of -16 + (-8 - -1) + 16?
-7
What is 4 + (3 + -1 - 3)?
3
4 - (8 + -3 - -1)
-2
What is -1 - (1 + 6 + (-4 - 0))?
-4
What is the value of (-1 + 5 - 6) + 1 + -1?
-2
Evaluate -4 + 5 - (0 + -2).
3
5 - 8 - (13 - 4 - 3)
-9
Calculate 28 + -28 + -3 + (1 - -5).
3
What is the value of -1 + (8 - 9) - -10?
8
What is 0 - (6 - (4 + (-3 - -6)))?
1
What is 2 + -2 + 6 + -2 + 6?
10
What is -6 - 1 - (104 + -118)?
7
Calculate (-14 - (-12 + 6)) + (-1 - -3).
-6
What is (3 + -8 - 6) + 0 - -4?
-7
What is the value of 1 + 3 + -2 - (-31 - -28)?
5
What is the value of 3 + (-2 - (8 + -14))?
7
Evaluate 5 + -1 + -3 + -2 + 3.
2
-5 + 11 + -1 - (1 + 8)
-4
Calculate 3 + 1 - (-2 - -2).
4
What is the value of 5 - -3 - 3 - (-25 - -27)?
3
Calculate -2 + (-10 - (-1 + -3)) - -8.
0
Evaluate -4 + 8 + 0 - 6.
-2
What is the value of (-1 - 0 - (7 + -5)) + -2?
-5
Calculate -8 + 16 - (12 - 7).
3
5 + -3 - 2 - 5
-5
What is 1 + 1 - (0 + 4 + -3)?
1
Evaluate -14 + (-7 + -2 - -20).
-3
What is the value of -2 - (-2 - (-4 + 5))?
1
Evaluate (4 - 1) + (0 - 0 - 0).
3
Calculate 8 + (-5 - (9 + 0)).
-6
Evaluate 7 - (-1 + (4 - -1)).
3
Calculate 1 + 4 - (4 - -1) - 4.
-4
Evaluate (2 - ((3 - -4) + -2)) + -2.
-5
Calculate (5 - (5 - 2)) + -2.
0
What is -16 + 5 + 25 - 23?
-9
Calculate -2 + (0 - 0) - (-6 - -9).
-5
Calculate 2 - 3 - -2 - 1.
0
What is the value of (0 - (-3 + 3)) + 0?
0
What is -1 + -1 + (10 - (2 + 3))?
3
What is the value of 1 - -2 - (-2 + 5) - -2?
2
What is the value of 0 - (-6 + 0 + 12 + -7)?
1
What is the value of (3 - 0) + (-7 - (-14 + 7))?
3
What is the value of (-4 - (-3 + 1)) + 5 + -5?
-2
Calculate (-1 - 2) + (9 - 5) - 1.
0
-7 + (18 - 9) + -2
0
Evaluate 3 + -10 + (-4 - -4) + 0.
-7
Calculate 2 + -3 + (-3 - -9).
5
Calculate (0 - -5) + -2 + -3.
0
Evaluate -8 + 12 + 1 + 0 + -2.
3
What is the value of -3 + (2 - 2) + -2 + 2?
-3
Calculate -3 - -1 - -5 - 3 - 2.
-2
Evaluate (-3 - -4 - -4) + -4.
1
Calculate 18 - (13 - -8) - (-1 + -4).
2
What is 4 + (-2 - -2 - (2 + 2))?
0
17 + -9 + -1 + -12
-5
Evaluate -4 + 0 + -22 + 19.
-7
What is the value of (3 - 1) + -9 + 6 + -4?
-5
-3 + (3 - (3 + 1)) - -8
4
What is the value of 1 - (7 + -8 + 6)?
-4
Evaluate (-1 - -8) + -3 + 3 + -3.
4
What is -5 + -15 + 8 + 4?
-8
What is the value of -8 - (8 + (-35 - -10))?
9
Evaluate (-1 + -3 - -8 - 3) + 1.
2
-5 + 6 - (7 + -3)
-3
Evaluate -37 - -42 - (0 + (2 - 1)).
4
What is the value of (0 + 4 - -2 - -6) + -6?
6
Calculate -5 + 4 + -2 + 2 - -4.
3
Evaluate 11 + (-10 - (-3 - -6 - 7)).
5
Evaluate (1 - 4) + (4 - 6) + 1.
-4
Calculate (-3 - -11 - 3) + 0 + -1.
4
Calculate (-3 - -12) + 22 + -31.
0
What is (-3 - -10) + 3 + -17 + 4?
-3
Calculate (-8 - (-1 - 2)) + 0.
-5
Evaluate (3 + 3 - 1) + -10 + -3.
-8
What is -2 + 2 + 5 + -3?
2
What is -11 + (-6 - -37 - 12)?
8
What is -3 - -2 - (-5 + 3)?
1
10 + -2 - (-6 - -8)
6
Evaluate -5 + -1 + (5 - 1) + 1.
-1
Calculate (-1 - 1 - 1) + 4 + 4.
5
Evaluate 1 - (3 + (-4 - -1)) - 1.
0
Calculate 2 + (-4 + 5 - -2) - -1.
6
What is -6 + 0 - (76 - 86)?
4
What is (1 - -1) + 13 + -21?
-6
What is the value of 0 - (9 - 4 - 10 - 1)?
6
What is the value of 4 - (16 - (3 - 2) - 4)?
-7
(-12 - -12) + (0 + 0 - -2)
2
What is 2 + (-4 - -8 - 3)?
3
Evaluate -5 + (-2 + 12 - (24 + -23)).
4
8 + -18 + 10 - (8 - 2)
-6
Calculate 1 + 2 + (2 + 2 - 3).
4
-1 + (-1 - -3) - (15 - 14)
0
What is the value of (11 - 16 - -9) + -1?
3
What is -1 - (4 + -1 + -3 + 4)?
-5
What is the value of (12 - 6 - -1) + 2 + -5?
4
Evaluate 1 + -5 + (16 - 16).
-4
14 - ((-6 - -5) + (14 - 7))
8
-15 - -18 - (7 - 4)
0
What is -7 + (10 - 9) - (0 + 1)?
-7
Evaluate 4 + 1 + 1 + -4.
2
Calculate 0 + -1 + (-1 - -3) - -3.
4
Calculate 3 + -3 + 3 + 2.
5
What is the value of -1 - (-4 - -1 - -3 - -3)?
-4
What is the value of 1 + 1 + 3 + -3 - -3?
5
What is 4 - (4 - 2 - 2)?
4
What is the value of -4 - (-1 + 1) - (-2 - 0)?
-2
Evaluate ((0 - -2) + -1 - -1) + 0.
2
Calculate -7 + -2 - (44 - 55).
2
Calculate -6 + 4 - (-12 - -1).
9
Calculate -7 - (-9 - -5) - (2 - 4).
-1
What is the value of -13 + (-5 - -11) - (1 - 4)?
-4
-11 + 5 + 11 + -13 - -3
-5
12 + -6 + -6 + (1 - 5)
-4
4 + -7 - (1 - 5)
1
(-3 - (-4 - -4)) + -1
-4
What is the value of -4 - (-3 + 3 - 0)?
-4
Evaluate (4 + (7 - 8) - 5) + -4.
-6
What is the value of 1 + (-1 - (2 - (4 + -5)))?
-3
What is (1 - -3) + -3 + (-3 - -3)?
1
What is the value of -19 + 14 + -4 - (-10 + 4)?
-3
(-58 - -68) + (-12 - -1)
-1
What is the value of 5 + -5 - 5 - -1?
-4
(4 - 2 - -5) + -3
4
-7 + 14 + -1 + 7 + -7
6
What is the value of 2 - (-4 + 3) - (-5 - -3)?
5
Calculate 5 - -1 - (-29 + 34).
1
Evaluate (4 - 0) + 4 + 1 - 4.
5
Evaluate -2 + (-5 - -7) - 5.
-5
What is (0 - 5) + 5 - (2 + 8)?
-10
-12 - -18 - (4 + 0)
2
What is the value of 2 + -3 + (0 - -7) + -13?
-7
Evaluate 6 - ((9 - 10) + 9).
-2
Evaluate -2 + -3 + 5 - (8 + -3).
-5
What is -1 + 4 + -6 - -4?
1
What is 6 + -12 + 1 + 0?
-5
-3 + (0 - 1) + 9 + -2
3
Evaluate (2 - 5 - 1) + 2.
-2
4 + 1 + (-13 - (-1 + 0))
-7
-4 + (9 - 3) - -3
5
Evaluate 8 - (-10 - -6) - (4 + 1).
7
What is the value of (19 - 13) + (1 - 8) - -4?
3
Calculate -14 - -2